s digit of g?
1
Let k = -1705 + 1737. Let r = -49 + 80. Let j = r + k. What is the units digit of j?
3
Suppose -46*j + 47*j - 39020 = 720. What is the thousands digit of j?
9
Let s = -8583 + 9078. What is the tens digit of s?
9
Let x be (-75)/30*2802/(-15). Let c = 101 + x. What is the units digit of c?
8
Suppose m = -3*f + 36 + 9, 0 = -4*m - f + 235. Suppose 0 = 6*s - 1674 + m. What is the tens digit of s?
6
Let m(o) = 3018*o**2 + 8. What is the hundreds digit of m(1)?
0
Let m = 4 - -69. Let f(p) = p + 9. Let b be f(19). Let k = b + m. What is the units digit of k?
1
Let h = -849 - -854. Let u(d) = d**2 - d + 4. Let p be u(0). Suppose 0 = -p*s - h*i + 78, -3*s = -5*i - 16 - 25. What is the units digit of s?
7
Let z be 63/(-36) - 6/(-8) - -4. Let v be z/(-9) - ((-56)/6 + 2). Let s = v - -6. What is the units digit of s?
3
Suppose 338*w - 1846713 = 17*w. What is the thousands digit of w?
5
Let k(n) = 102*n**3 + 9*n**2 - 13*n + 11. What is the thousands digit of k(4)?
6
Suppose -5*d + 7585 = 2*h, 3*d - 7591 = -2180*h + 2178*h. What is the hundreds digit of h?
8
Let g be (0*(0 - (-3)/(-6)))/(-2). Suppose g = -m - 3*s - 2*s + 5, 2*s = -3*m + 15. Suppose -4*o = i - m*i - 112, 5*i = -2*o + 70. What is the tens digit of o?
3
Let r = 8270 - 8246. What is the units digit of r?
4
Suppose -2*v - 71 = 63. Let u = 519 - v. What is the hundreds digit of u?
5
Let x = 8 - 8. Let t = -235 + 239. Suppose x = 3*q - t*m - 9, 6 = -0*q + 2*q + 4*m. What is the units digit of q?
3
Suppose 2*c - 1466 - 296 = 0. Suppose -19*p + c + 753 = 0. What is the tens digit of p?
8
Suppose 0 = 5*c + 4*j - 14, -c + 8 = 2*c + 2*j. Suppose -4*h = p - 112, c*h - 650 = -5*p - 0*h. Let y = p + -70. What is the tens digit of y?
6
Suppose 3*n = 186418 - 32932. What is the units digit of n?
2
Let y = 98 + -86. Let h = y - 9. Suppose 725 = 5*m - h*z, 3*m - 3*z - 435 = -0*m. What is the hundreds digit of m?
1
Suppose -4*s - 5*n = -2372, 2344 = 4*s + 8*n - 10*n. Let d = 1098 - s. What is the tens digit of d?
1
Let z(h) = h**3 - 9*h**2 + 21*h - 5. Let j be z(15). Suppose -3*l + 4*k = -j, 7*l + 2*k - 2784 = 2*l. What is the hundreds digit of l?
5
Let i(f) = 96*f**3 - 11*f**2 - 32*f + 215. What is the tens digit of i(5)?
8
Suppose -10*h + 522 = -h. Let g = 93 - h. What is the tens digit of g?
3
Let g(q) = 37*q**2 + 5*q + 11. Let d be g(-6). Suppose -4*x + d = -y, -3*y = -5*x + 1205 + 431. What is the tens digit of x?
2
Suppose -4*w + 5*n = -2011, w - 5*w + 2*n + 2002 = 0. What is the hundreds digit of w + -9 + 6 + 0?
4
Let c be (4/(-8))/(10/(-80)). Suppose c*j - 124 = 308. What is the tens digit of j?
0
Let h = 38 + 3420. What is the units digit of h?
8
Suppose -36*s + 338572 = -32*s - 2*o, 5*s = 3*o + 423215. What is the hundreds digit of s?
6
Let q(v) = 708*v**2 + 18*v - 6. What is the thousands digit of q(4)?
1
Let n(d) = 152*d + 77. Let c be n(7). Let a = 1784 - c. What is the tens digit of a?
4
Let t(w) = w**3 - 19*w**2 - 2*w + 3. Suppose 4*h - 3*u = 85, 3*u + 7 = -2. Let o be t(h). Let z = -5 - o. What is the units digit of z?
0
Suppose 3*h + 11730 = i, -14568 - 8904 = -2*i + 2*h. What is the tens digit of i?
3
Let z = -236 - -378. Suppose z - 57 = 5*v. What is the tens digit of v?
1
Suppose -z + 3*m = -1810, 4 = -5*m - 21. Let i = 2600 - z. Suppose -6*q = -q - i. What is the hundreds digit of q?
1
Let o be (2/3 + -2)/((-8)/30). Suppose -o*r + 3856 + 919 = 0. What is the units digit of r?
5
Let n = 7202 + -2557. What is the hundreds digit of n?
6
Suppose 4*w = 3*w + 5*h + 238, -3*w + 3*h = -678. Let i = 292 - w. What is the tens digit of i?
6
Suppose s + 1 = -3*o, 0 = 18*o - 19*o - 4*s - 15. What is the tens digit of (400/(-350))/(o/(-1141))?
0
What is the units digit of 4831047/5523 - (-1)/7*2?
5
Let p = -102 + 2942. What is the hundreds digit of p?
8
Let a = -5942 + 54595. What is the units digit of a?
3
Let d be 2 + (-3)/2 - (-644)/(-8). Let j be 0 + d/(-44) + 4/22. Suppose j*m - 673 = -273. What is the hundreds digit of m?
2
Let t = -540 + 1467. Suppose -2*l = 5*u - t, -5*l + 1395 = -2*l + 3*u. What is the units digit of l?
6
Let x = -397 + 809. Let j = x + -112. What is the units digit of j?
0
Let l(x) = -x**2 - 15*x - 47. Let m be (-15)/35 - 134/14. Let z be l(m). What is the tens digit of 14/(10/(-4) + z)?
2
Suppose -4*k - 1248 + 3688 = 0. Suppose -86*n - k = -88*n. What is the tens digit of n?
0
Suppose 3*u - 4*f + 4 = -2*u, 5*f = 5*u. Let y be ((-3)/u)/((-1)/(-12)). Suppose -260 = -13*g + y*g. What is the units digit of g?
5
Let q(o) = -3*o - 1. Let v be q(-1). Let f = 61 + -441. What is the units digit of ((-24)/15)/(v/f*4)?
6
Let l(q) = q**2 - 4*q - 24. Let z(j) = j**2 + 3*j - 3. Let f be z(-4). Suppose 29 + f = 3*m. What is the units digit of l(m)?
6
Let s(x) be the second derivative of x**5/20 - 2*x**4/3 + 13*x**2/2 + 5*x - 9. What is the units digit of s(9)?
4
Let u(f) = 364*f - 8. Let h be u(2). Suppose -4*q + h = -0*q. What is the tens digit of q?
8
Suppose 3*j - 4721 = -3*a - a, 0 = 4*j + 4. What is the units digit of a?
1
Suppose -9*k + 173153 = 47*k - 289687. What is the units digit of k?
5
What is the tens digit of (58281/12)/((-52)/(-208))?
2
Suppose -324358 = 158*v - 3772727 + 145853. What is the units digit of v?
2
Suppose 0*n + 5*n = 2*n. Suppose n = -13*z + 11*z + 6. Suppose -z*c = -413 - 202. What is the units digit of c?
5
Let g(y) be the first derivative of -21*y**2 - 7*y + 22. Let o be g(2). Let c = 174 + o. What is the tens digit of c?
8
Suppose 29*l + 11*l - 80 = 0. Suppose 3*v + 6747 = 4*g, -5*g + l*v - 3*v + 8410 = 0. What is the tens digit of g?
8
Suppose q + c + 4141 = 25929, 65367 = 3*q + 2*c. What is the ten thousands digit of q?
2
What is the units digit of 262364/48 - ((-43)/774)/((-2)/(-3))?
6
Let w(z) = z**3 - 32*z**2 - 24*z - 167. What is the tens digit of w(33)?
3
Suppose w = 6, -2*p - 386*w + 384*w + 46872 = 0. What is the units digit of p?
0
Suppose -4*z + 4956 = n, 3*z + 0*z = n + 3710. Suppose 2*f - 9 = -5, -3*f - z = -4*q. What is the tens digit of q?
1
What is the thousands digit of (-62352 - 2)/(4/12*-6)?
1
What is the ten thousands digit of (((-16)/50)/(14/(-35)))/((-22)/(-2063325))?
7
Suppose -138371 - 47710 = -25*d - 13556. What is the thousands digit of d?
6
Let g be 288/5 + (-4)/(-10). Let y = 1482 + -1367. Let a = y + g. What is the hundreds digit of a?
1
Let o(a) = 54*a**2 - 369*a + 13. What is the thousands digit of o(-10)?
9
What is the hundreds digit of 2/(-4) - 18565745/1085*7/(-2)?
8
What is the thousands digit of -163 + 4124 - -6*1?
3
Let s = 18 - 33. Let a be -1*69/s + 4/10. Let h(o) = 5*o + 24. What is the units digit of h(a)?
9
Let x(a) be the first derivative of a**4/4 - 5*a**3 + 41*a - 10. What is the tens digit of x(19)?
8
Let p = -409 - -638. Suppose 3*s + 0*n - p = -4*n, -5*s + 3*n + 430 = 0. What is the units digit of s?
3
What is the thousands digit of 5 + 11 + (-88992)/(-12)?
7
What is the tens digit of (-300837)/(-4) + (1215/(-60) + 14 - -7)?
1
Let i = -22514 + 31575. What is the hundreds digit of i?
0
Let f = -36 - -56. Suppose -f = 5*j - 0*j. What is the units digit of -24*(-5 + (j - -6))?
2
Let b be (2/7)/((-165)/42 + 4). Let l(z) = -b*z**2 - 5*z**2 + z**3 + 3*z**2 + 3 + 9*z. What is the hundreds digit of l(7)?
1
What is the tens digit of (-45)/((-3150)/3722920) + (-8)/14?
8
Let t = -28 + 22. Let x be (-15)/t - (6/4)/3. Suppose -3*p + x*p = 4*l - 85, 5*p + 2*l = 407. What is the tens digit of p?
8
Let n(o) = -o**3 - 20*o**2 - 17*o + 14. Let f be n(-18). Let j = f + 478. What is the units digit of j?
0
Let g(k) = k**3 - 7*k**2 - 8*k + 4. Suppose -3*c - c = -32. Let w be g(c). Suppose -3*h - h = -w*i + 260, -4*h = 12. What is the units digit of i?
2
Let t = -1 + 22. Suppose j = 0, f + 2*f - 4*j = t. Suppose 176 = f*i + 22. What is the units digit of i?
2
Let h(v) = v**3 + 16*v**2 - 15*v + 42. Let z be h(-17). Let q(p) = 50*p - 38. What is the tens digit of q(z)?
6
Suppose -4*w = 4*o + 3*o - 579, -285 = -2*w + o. Let p = 289 + w. What is the hundreds digit of p?
4
Suppose -4*a - x + 913 = -0*x, -x + 226 = a. Let l = -514 + 395. Let v = a + l. What is the units digit of v?
0
Let w be 10/1*(-1 + 41/(-2)). Let f = 172 - w. What is the tens digit of f?
8
Let w be (-244160)/(-704) + ((-6)/11)/(-3). Let r = w + 470